alculate v(c).
-5
Let c(x) be the second derivative of x**6/36 - x**3/3 - 2*x. Let j(l) be the second derivative of c(l). Suppose -2*a = -a - 1. Calculate j(a).
10
Let d = -6 + 7. Let f be (0/(-1) - 1)/d. Let z(k) be the third derivative of k**4/24 - k**3/6 + k**2. Calculate z(f).
-2
Suppose 9*f = -13 - 32. Let g(h) = h**3 + 5*h**2 + h + 4. What is g(f)?
-1
Let m(x) = x**2 + x - 2. Let n(c) = -6*c + 36 - 34 + c**2 + 3*c. Let o be n(2). What is m(o)?
-2
Let c(t) be the third derivative of -1/24*t**4 + 0*t + 0 - t**2 - 1/60*t**5 - 1/6*t**3. Give c(0).
-1
Let i be ((-3)/1)/((-6)/8). Let f(x) = 4 - i + x - 2. Let a = 9 + -4. Give f(a).
3
Let p(f) be the third derivative of -1/6*f**4 + 0 + 0*f - f**3 - 2*f**2 + 1/60*f**5. Determine p(6).
6
Let a(r) = -r - r**2 + 2*r - 2 + 4*r. Let m = 15 - 10. Let h be a(m). Let j(f) = 3*f + 3. What is j(h)?
-3
Let l(b) = 3*b**2 - 5*b + 1. Let x(j) = -j**2 + 1. Suppose -5*y = 1 - 6. Let a(p) = y*l(p) + 2*x(p). Determine a(2).
-3
Let a(k) be the second derivative of k**4/12 - 2*k**3/3 + 2*k**2 - k. Let t = -8 - -7. Let l = t + 4. Calculate a(l).
1
Let d(m) = 7*m**2 + 6*m + 2. Let r(g) = 8*g**2 + 7*g + 3. Let v = -5 - 2. Let n(w) = v*d(w) + 6*r(w). Let u(x) be the first derivative of n(x). Calculate u(-3).
6
Let l(m) = m**3 - 2*m**2 - m + 2. Suppose 0*p = -y + 3*p - 9, -2*p + 5 = -y. Suppose -y*d + 6 = -d. Give l(d).
8
Let l(k) be the second derivative of k**3/6 + 4*k**2 + 13*k. Give l(-4).
4
Let r be 2 + -4 - (-2)/1. Let q(k) = 33*k**2 - 1 + 2 - 4 - 34*k**2. Determine q(r).
-3
Let p(j) = -16*j**3 - 2*j**2 - 11*j**3 + 26*j**3 - 3*j. Let l = -1 - 1. Give p(l).
6
Let p = 14 - 17. Let c(m) = -3*m + 1. What is c(p)?
10
Suppose 4*l - 2*l = -5*x - 25, 8 = 4*x - 4*l. Let p be (-69)/(-18) + x/(-18). Let m(s) = -4*s + 2. Determine m(p).
-14
Suppose -l = -2*l + 2. Let g(c) = 1 + c**3 - 2*c**3 - 7*c**l + 0 + 6*c**2. What is g(0)?
1
Let w(l) = 4*l + 7. Suppose 0 = -2*y + 5*u - 30, 4*y = y + 3*u - 27. Determine w(y).
-13
Let x be 2/1 - 6/(-6). Let i(h) be the first derivative of -h**2 - h**3 - 1 - x*h - 1/4*h**4. Determine i(-2).
-3
Suppose -3*r + 7 = v - 7, 5*r = 4*v + 12. Let a be 4 + -1 + 0 + -1. Let p(j) = j - 5*j**a + j + 0*j + j**3. Calculate p(r).
-8
Let u(f) = -f**2 - 3 + 28*f + 36*f - 57*f. Determine u(6).
3
Let a(l) be the second derivative of -l**5/120 + l**4/4 - 2*l**3/3 + 3*l. Let s(p) be the second derivative of a(p). What is s(6)?
0
Let y(i) = -i + 1. Suppose -2*p - 30 = -4*c - 0, -c + 3*p + 20 = 0. Let k = c + -5. Suppose 0 = -5*m + v - 16 - 5, 3*m - 2*v + 14 = k. Determine y(m).
5
Let l be 2 + 2 + (-1 - -3). Let x(n) = 2*n + 2. What is x(l)?
14
Let r(f) = f**3 + 6*f**2 - 2*f - 9. Let a be r(-6). Suppose -a*w = -3*c + 3, 3*w - 17 = -c - c. Let z(v) = v - w + 2 + 2. What is z(-4)?
-3
Let g(b) = -b**3 - 6*b**2 - 2. Suppose 6*y + y + 42 = 0. Determine g(y).
-2
Let p(d) = d - 6. Suppose -3*r - 3 = -6*r. Let f be r/1 + 0 + 4. Calculate p(f).
-1
Let y(h) = -8*h**2 + 2 + 3 - h - 3 - 1. Suppose -p - 2 = -3. Calculate y(p).
-8
Suppose -2*h + 5*h = 21. Suppose -15 = -h*u + 2*u. Let c(y) = y**3 - 2*y**2 - y - 2. Give c(u).
4
Let j = 25 - 15. Let f = 124 + -138. Let d = f + j. Let x(i) = -3*i - 3. What is x(d)?
9
Let g(d) = d + 3. Let h(y) = 7 + y + y + y. Let l(a) = 5*g(a) - 2*h(a). Let z be l(1). Let i(p) = p**3 + p**2 + 5. What is i(z)?
5
Let u = 2 - 3. Let z(m) = 13*m**2 - 2*m + 5. Let c(q) = 17*q**2 - 3*q + 6. Let r(x) = -4*c(x) + 5*z(x). Give r(u).
-4
Let b(a) = a + 4. Let t be (-32)/10 - (-3)/15. Give b(t).
1
Let h(r) = r**2 + r - 2. Let v be (-72)/(-15)*50/(-15). Let i be v/32 - (-1)/2. Give h(i).
-2
Let p be (-4)/(-6) + (-30)/(-9). Suppose -5*u - 4 = -p*u. Let d(y) = 7*y**2 - 6*y - 1 + y + 3 - 8*y**2. What is d(u)?
6
Let x = 0 + 0. Suppose -3*i - i + 36 = x. Let o be ((-3)/(i/12))/(-2). Let v(y) = y**2 - y. Give v(o).
2
Let z(s) be the first derivative of 5*s**2/2 + 2. Suppose 2*f - 1 = -3*l, 3*f + 0 = -4*l + 2. Calculate z(f).
10
Let t(r) = -8*r**2 - 7*r**2 + 14*r**2 + 3*r - 2*r**3 + 2 + 0*r**3. What is t(-2)?
8
Let n = -21 + 14. Let k(h) = 9*h + 23. Let i(a) be the second derivative of 5*a**3/6 + 6*a**2 + 8*a. Let t(v) = n*i(v) + 4*k(v). Determine t(0).
8
Suppose 2*a + 2*f = 1 + 3, a = -4*f + 11. Let m(n) = -2*n - 6*n**3 + 3*n + 0*n + 1. Give m(a).
6
Let t(d) = d - 6. Suppose o + 16 = 4*o - 2*x, -3*x - 15 = -3*o. Let a(m) = -m + 6. Let s be a(o). Calculate t(s).
-6
Let p(z) = 11*z**2 - z + 5. Let n(x) = 6*x**2 + 3. Let a(d) = -5*n(d) + 3*p(d). Suppose k = 4*j - j + 5, 2*k = -5*j - 1. Give a(k).
6
Let a(r) = 2*r**2 + 7*r + 5. Let i(k) = -k**2 - 6*k - 4. Let l be i(-6). What is a(l)?
9
Let g(i) = -i + 2. Suppose o - 6*o = -10. Suppose -z - o*k - 8 = 0, -3*z + 7*z = 3*k - 10. Give g(z).
6
Let n(o) = 7*o**2 + 11*o + 5. Let t(j) = j**2 + j. Suppose 0 = -2*z - 1 + 3. Let p(f) = z*n(f) - 6*t(f). Suppose q = 3*q - 6, -3*k = 3*q + 6. Give p(k).
5
Let i(s) = 2*s. Suppose -2*a = 2*a. Suppose 1 = 4*k - 7, n - k = a. Give i(n).
4
Let v(d) = 0 + d - 1 + 3. Let h = -2 - -4. Let w = -4 + h. What is v(w)?
0
Let u(t) = -3*t**3 - 5*t**2 - 8. Let c(r) = 16*r**3 + 25*r**2 + 41. Let j(m) = 2*c(m) + 11*u(m). Determine j(-5).
-6
Let h(v) = 2*v**3 + v**2 - v - 1. Suppose l + 5*m - 24 = 0, 0 = 5*l - 7*m + 2*m + 30. What is h(l)?
-1
Let c(m) = -m**3 + m**2 - m + 1. Let v(a) = a**3 + 7*a**2 + a + 9. Let l(p) = 2*c(p) + v(p). Calculate l(9).
2
Suppose 4*l = n + 3*n - 12, 5*n - 3*l - 13 = 0. Let m(r) = -1 + 1 + 4 - r + n*r. What is m(-7)?
-3
Let g = 2 + -4. Let c be 1*-1*2*g. Let d(p) = -5*p**2 - 2*p - 8. Let r(x) = x**2 + 1. Let h(y) = d(y) + 6*r(y). Calculate h(c).
6
Let h(n) = 5*n**2 - 11*n - 5. Let r(q) = 4*q**2 - 10*q - 4. Let j(g) = 3*h(g) - 4*r(g). Calculate j(6).
7
Let g(h) be the second derivative of -h**6/120 + h**5/120 - h**4/4 + 3*h. Let k(p) be the third derivative of g(p). Determine k(-1).
7
Let b = 5 - 5. Let t(n) = n**2 - n + 0 + 0*n**2 + 1 - n**3. Calculate t(b).
1
Let f(o) be the second derivative of 1/12*o**4 + 0 + 5/2*o**2 - 5/6*o**3 - 5*o. What is f(4)?
1
Let p(u) = u**2 + 4*u - 6. Let l(v) = v - 4. Let i be l(4). Suppose i = 2*w - 0*w - 6. Suppose -30 = 2*n + n - w*f, -n - f = 0. What is p(n)?
-1
Let g(t) = -t**3 - t**2 + t. Let x(c) = 5*c**3 + 7*c**2 - 5*c - 3. Suppose 5*j + 0 = -3*y - 2, j + 5*y - 4 = 0. Let i(l) = j*x(l) - 4*g(l). Determine i(-3).
0
Let n(c) = c + 1. Let h(q) = -2*q - 1. Let a(v) = -h(v) - n(v). Let s = -7 + 9. Give a(s).
2
Let u(g) = -g**3 + 3*g**2 + 2*g - 3. Let c be u(3). Suppose -c + 9 = 2*l. Let z(p) = 4 + 1 - l*p + 2*p. Calculate z(4).
1
Let u(s) = -3 + 6 + 3*s**2 + 1 + s**3 + 2*s. Give u(-3).
-2
Let d(o) = -o**3 + 6*o**2 - o + 4. Let s be (-1)/(-1 + 72/75). Suppose -4*v - 1 = -s. Calculate d(v).
-2
Let h(y) = -y**2 - 4*y - 5. Let x be h(-4). Let u(v) = 2*v - 7. Let z be u(5). Let q(s) = z*s - 5*s + 3*s + 12. Give q(x).
7
Let i(p) = -p**3 + 6*p**2 - 4*p. Let v be i(5). Let m(k) = -4*k - 4. Let t(z) = 5*z + 5. Let a(u) = v*t(u) + 6*m(u). Calculate a(4).
5
Let n = -3 - 0. Let a be 1*0*(-1)/n. Let s(m) = m**2 - m - 2. What is s(a)?
-2
Suppose 7*q = -6*q + 39. Let k(y) be the second derivative of 2*y + 1/3*y**q + 0 + 0*y**2. Calculate k(1).
2
Let i(l) = 5*l - 1. Let u(d) be the third derivative of d**4/24 + d**3/2 + d**2. Let c be u(-4). Determine i(c).
-6
Suppose 0 = -0*i + i + 5, -3*i - 30 = -5*h. Let z(r) = r**3 - 4*r**2 + r - 3. Calculate z(h).
-9
Let r(w) be the third derivative of w**5/120 - w**4/24 + w**3/3 - w**2. Let n(g) be the first derivative of r(g). Give n(4).
3
Let w(m) = m**2 + 6*m. Let l(c) = -c - 2. Let n be l(3). Determine w(n).
-5
Let b(z) = -z**2 + 17*z - 6. Let w be b(17). Let u(g) be the second derivative of g**4/12 + g**3 - g**2 - g. Calculate u(w).
-2
Let v(s) = -s**3 - 3*s**2 - 2*s - 1. Suppose -3 = -2*p - 4*o - 15, 5*p + 4*o + 18 = 0. Give v(p).
-1
Suppose 0 = 2*r - 1 + 7. Let y(s) = -10*s + 1 + 4*s - s**2 + 1. Determine y(r).
11
Let d = 10 - 6. Let q(x) = x**2 - 8*x + 8. Let s(v) = -3*v + 3. Let a(o) = d*q(o) - 11*s(o). Calculate a(1).
4
Let b(x) = -4*x + 27. Let l be b(7). Let q(d) = -13*d - 1. What is q(l)?
12
Let x(r) = -r**2 - 7*r + 10. Suppose 5*d - 28 = -63. Calculate x(d).
10
Let r(u) = 3 - 6*u - 3. Let b = -2 + 6. Let a be 1/3 - b/(-6). Determine r(a).
-6
Let a